is 1100101101001101001 + -10101011?
1100101100110111110
In base 8, what is 17 + -76303062?
-76303043
In base 4, what is 0 - 1201313012?
-1201313012
In base 3, what is 10 + 111211002210120?
111211002210200
In base 9, what is 8 + 80421473?
80421482
In base 12, what is 1a3199a - -b?
1a319a9
In base 12, what is a723 - -40?
a763
In base 5, what is -2220 - 313424?
-321144
In base 9, what is -44 - 3221121?
-3221165
In base 5, what is -234001 + 13103?
-220343
In base 10, what is -1802 - -3013?
1211
In base 8, what is 3366 + 2743?
6331
In base 2, what is -10110111110001 + -1111010110?
-11000111000111
In base 7, what is -166130535 - 0?
-166130535
In base 13, what is -8600 + 4163?
-446a
In base 11, what is 15752 + -3463?
1229a
In base 3, what is -1010121 + 11021220200?
11020210002
In base 9, what is 240 - 28730?
-28480
In base 12, what is -1092227 + 4?
-1092223
In base 11, what is -69703275 + 2?
-69703273
In base 12, what is -3 - -a249a08?
a249a05
In base 3, what is 10100100 + -22112020?
-12011220
In base 7, what is 103546 + -5151?
65365
In base 6, what is -333525022 - -3?
-333525015
In base 10, what is 7781 - -5486?
13267
In base 11, what is 167a779a - 2?
167a7798
In base 16, what is -37 + -3ee29?
-3ee60
In base 12, what is 2289 - 207b6?
-1a529
In base 11, what is 3543 - 53?
34a0
In base 10, what is 724692 + -7?
724685
In base 15, what is -1a + -21bc74?
-21bc8e
In base 16, what is -9 - 32d3f85?
-32d3f8e
In base 3, what is -100012020121010 + 1101?
-100012020112202
In base 5, what is -232102103 - 4?
-232102112
In base 14, what is -27 - 3b63b5?
-3b63dc
In base 2, what is -110101100110111010 + 1000011001?
-110101011110100001
In base 9, what is 86 + 1355670?
1355766
In base 12, what is -1083b - -1184?
-b677
In base 14, what is 3a - -7c9aa?
7ca06
In base 14, what is -b4 - 21bca?
-21ca0
In base 12, what is 2589 + 25b04?
28491
In base 15, what is c9 + 7cd6?
7db0
In base 10, what is -33 - 509617?
-509650
In base 14, what is -1030d + -11a?
-10429
In base 2, what is 1000100001010010110111001001 + 10?
1000100001010010110111001011
In base 12, what is -955 - -4bab0?
4b157
In base 8, what is 2 + 24511707?
24511711
In base 15, what is 326b63 - -40?
326ba3
In base 12, what is 36a2286 + -5?
36a2281
In base 12, what is 15537b9 - -16?
1553813
In base 4, what is 11320312222323 - 0?
11320312222323
In base 8, what is 33251 + -33?
33216
In base 3, what is 20221210 - -1001001121?
1022000101
In base 13, what is 7 - 22858c9?
-22858c2
In base 10, what is -939 + -20531?
-21470
In base 8, what is -46232362 - 5?
-46232367
In base 16, what is -2b0ff12 - 3?
-2b0ff15
In base 14, what is 21 + 1a735b?
1a737c
In base 15, what is -23a8 - -1d0e?
-599
In base 4, what is 11010100121 - -1313?
11010102100
In base 11, what is -420 + -762?
-1082
In base 16, what is 16205d + 53?
1620b0
In base 9, what is -7006 - 4334?
-12341
In base 2, what is -100001011100100000 + -101000?
-100001011101001000
In base 10, what is 763269 - -76?
763345
In base 9, what is -855 - -1783827?
1782862
In base 13, what is -2c72 - -a?
-2c65
In base 12, what is -b33 + 14a37?
13b04
In base 12, what is 8a3aba3 - 0?
8a3aba3
In base 15, what is -1597d96 + e?
-1597d87
In base 3, what is -1120112021 - 101101002?
-1221220100
In base 9, what is -10 + -266380?
-266400
In base 13, what is -1484 + -39b8?
-516c
In base 5, what is -1301130 - 1113441?
-2420121
In base 9, what is 411756 + 8?
411765
In base 5, what is -22 + 404404343?
404404321
In base 14, what is 19 - 44c5?
-44aa
In base 6, what is 1102422 + -340?
1102042
In base 3, what is 1 - 12112120020101?
-12112120020100
In base 14, what is 338b06 + 6?
338b0c
In base 8, what is -223264 + -46?
-223332
In base 9, what is 3 + -40015543?
-40015540
In base 14, what is -5 - 140acc68?
-140acc6d
In base 2, what is -111111101001 + -101000111010?
-1101000100011
In base 10, what is 3092581 + -3?
3092578
In base 11, what is -4 - -a42a0a0?
a42a097
In base 4, what is -130102003 + 32?
-130101311
In base 16, what is 7165 - -261?
73c6
In base 2, what is 1011111000101000100011100 + 101?
1011111000101000100100001
In base 11, what is 383 + 19a1?
2274
In base 7, what is 1620 - -15132052?
15134002
In base 9, what is -3 + -56233382?
-56233385
In base 14, what is 699c1 + 32?
69a13
In base 5, what is 10 + -30431011030?
-30431011020
In base 16, what is -27aa1a + -4e?
-27aa68
In base 16, what is -2a353e0f - 0?
-2a353e0f
In base 16, what is 5 - 1d68e9?
-1d68e4
In base 8, what is -1271 - -70354?
67063
In base 5, what is 103220424310 - 34?
103220424221
In base 16, what is 0 - 4a5ba9?
-4a5ba9
In base 10, what is 510 - 439405?
-438895
In base 11, what is 5 + -14a9018?
-14a9013
In base 7, what is 215161 - 3022?
212136
In base 3, what is 220121221122 + -1111?
220121220011
In base 10, what is -7534793 - 10?
-7534803
In base 11, what is 5074a6 - -31?
507527
In base 8, what is 3 + 1337203762?
1337203765
In base 11, what is -1557 + -16290a?
-164366
In base 14, what is a49d - -1676?
bb35
In base 6, what is 1 - 1223445144?
-1223445143
In base 13, what is -2253 - -1875?
-6ab
In base 2, what is -10010110 + 101001100110011?
101001010011101
In base 14, what is -241 + -128164?
-1283a5
In base 5, what is 1101 - -333410?
340011
In base 9, what is -4 - -184164431?
184164426
In base 10, what is -480881 - -4?
-480877
In base 11, what is -243917 - 33?
-24394a
In base 12, what is -24869683 - -2?
-24869681
In base 4, what is 21030023113 - 333?
21030022120
In base 2, what is 11110011101011110 - -10100101011?
11110110010001001
In base 8, what is -110304237 - 4?
-110304243
In base 6, what is -2 + -434055510?
-434055512
In base 2, what is 10000 - -11000101110100100101?
11000101110100110101
In base 14, what is 40d03 + -594?
4074d
In base 6, what is 55332224201 - 1?
55332224200
In base 11, what is 2aa72337 + -1?
2aa72336
In base 15, what is -288 - 29a10?
-29c98
In base 13, what is 119 + 13c5?
1511
In base 15, what is -147da9 + 0?
-147da9
In base 15, what is -1e554d3 + 16?
-1e554bc
In base 13, what is 3b2 - 1ab74?
-1a792
In base 15, what is -53577 - 12e?
-536a6
In base 13, what is -5160a5 + -75?
-51614a
In base 13, what is 10 + c668b?
c669b
In base 13, what is -7 + 2b3b8cb?
2b3b8c4
In base 2, what is 100110100100110010 + 110011100?
100110101011001110
In base 11, what is 103606 + 1310?
104916
In base 8, what is 1064206 + -71?
1064115
In base 10, what is -26343 + -4812?
-31155
In base 6, what is -43541511 - 25?
-43541540
In base 15, what is 3b16 - a?
3b0b
In base 8, what is 31 + 52555?
52606
In base 8, what is -16 + -5163470?
-5163506
In base 4, what is 20 + -22003310113?
-22003310033
In base 7, what is -161 + 5312603?
5312412
In base 9, what is 68274 + 538?
68823
In base 5, what is 3 - -130242430033?
130242430041
In base 8, what is 2555 + 1043006?
1045563
In base 13, what is -160b33459 + -2?
-160b3345b
In base 3, what is -122 + -222022221201?
-222022222100
In base 2, what is 10101010010001100011000 + 0?
10101010010001100011000
In base 6, what is 500 - 521130?
-520230
In base 8, what is -1064 + -33321?
-34405
In base 7, what is 3 + 535604142?
535604145
In base 12, what is -17a58 - -1b91a?
3a82
In base 4, what is 112020 + 20130130?
20302210
In base 7, what is -3 - -510216505?
510216502
In base 8, what is -234 - -1663645?
1663411
In base 15, what is 1584 + ba?
164e
In base 3, what is -20212210201 + 12022?
-20212121102
In base 13, what is 32270253 + -5?
3227024b
In base 16, what is 1809a - 2ef9?
151a1
In base 15, what is 17 + 1d1b21?
1d1b38
In base 2, what is 11 - -1000011111001010111001001?
1000011111001010111001100
In base 15, what is bb8a4 + 3d?
bb8e2
In base 14, what is -22d0a68 - -8?
-22d0a60
In base 9, what is -11 + -4537037?
-4537048
In base 11, what is -a8459 + 2a?
-a842a
In base 6, what is 1335 - -11153432?
11155211
In base 12, what is 387160 + -15?
387147
In base 12, what is 43a174 - -1a?
43a192
In base 6, what is -15305 + 2331350?
2312041
In base 16, what is 14e7ff3 - 3?
14e7ff0
In base 11, what is -612 - 89102a?
-891641
In base 3, what is 1022000 - -1212011?
10011011
In base 14, what is -3374 - -4ca8?
1934
In base 5, what is -21034120101 + -4?
-21034120110
In base 7, what is -2050 + -44203?
-46253
In base 9, what is -5 - 23242141?
-23242146
In base 3, what is 12022122 + 10120112?
22220011
In base 10, what is 10672067 + -9?
10672058
